s the hundreds digit of 291346604?
6
What is the ten millions digit of 246083570?
4
What is the ten millions digit of 74831721?
7
What is the ten thousands digit of 122899307?
9
What is the hundred thousands digit of 76667828?
6
What is the ten millions digit of 3699988133?
9
What is the units digit of 111096174?
4
What is the hundred thousands digit of 73614987?
6
What is the millions digit of 37997303?
7
What is the hundreds digit of 544965133?
1
What is the millions digit of 303657749?
3
What is the ten thousands digit of 487583331?
8
What is the thousands digit of 41476984?
6
What is the tens digit of 81379980?
8
What is the units digit of 459798969?
9
What is the units digit of 157449133?
3
What is the millions digit of 79860783?
9
What is the units digit of 105453360?
0
What is the thousands digit of 200891596?
1
What is the hundred thousands digit of 289900161?
9
What is the units digit of 87448161?
1
What is the millions digit of 21483186?
1
What is the hundreds digit of 740308292?
2
What is the ten thousands digit of 34344208?
4
What is the units digit of 8807464?
4
What is the hundreds digit of 2130289375?
3
What is the hundreds digit of 28121410?
4
What is the tens digit of 5639575785?
8
What is the millions digit of 20797359?
0
What is the ten thousands digit of 232752394?
5
What is the hundreds digit of 85460537?
5
What is the hundred millions digit of 332033007?
3
What is the ten millions digit of 18296708?
1
What is the ten thousands digit of 708065062?
6
What is the hundred thousands digit of 874817436?
8
What is the hundred thousands digit of 670415949?
4
What is the hundreds digit of 980151556?
5
What is the ten millions digit of 1820827116?
2
What is the units digit of 2326209496?
6
What is the units digit of 3535930253?
3
What is the hundred thousands digit of 20780813?
7
What is the hundred thousands digit of 35093181?
0
What is the hundred millions digit of 842952031?
8
What is the hundred thousands digit of 133648727?
6
What is the units digit of 78618873?
3
What is the ten thousands digit of 3488677?
8
What is the hundred thousands digit of 72492472?
4
What is the millions digit of 17585497?
7
What is the thousands digit of 8915432?
5
What is the tens digit of 42129573?
7
What is the tens digit of 113077924?
2
What is the thousands digit of 76872791?
2
What is the tens digit of 87744853?
5
What is the thousands digit of 8433690?
3
What is the millions digit of 54121469?
4
What is the billions digit of 1075591653?
1
What is the hundred thousands digit of 1728106713?
1
What is the tens digit of 219588878?
7
What is the millions digit of 1715427110?
5
What is the hundreds digit of 1126392207?
2
What is the hundred thousands digit of 106363982?
3
What is the hundred thousands digit of 1969189579?
1
What is the billions digit of 2790347276?
2
What is the millions digit of 1293273368?
3
What is the hundreds digit of 13468926?
9
What is the hundred thousands digit of 1082538596?
5
What is the thousands digit of 3168688065?
8
What is the hundred millions digit of 1372294110?
3
What is the tens digit of 531872879?
7
What is the ten thousands digit of 6274841526?
4
What is the ten thousands digit of 1047348065?
4
What is the hundreds digit of 312218186?
1
What is the tens digit of 140941603?
0
What is the units digit of 50004124?
4
What is the hundred millions digit of 533293961?
5
What is the thousands digit of 487745075?
5
What is the thousands digit of 1684206310?
6
What is the ten thousands digit of 1603866707?
6
What is the ten millions digit of 34142407?
3
What is the thousands digit of 165472889?
2
What is the hundred thousands digit of 5663704929?
7
What is the hundred thousands digit of 69778791?
7
What is the millions digit of 65082094?
5
What is the hundred millions digit of 138693236?
1
What is the hundred thousands digit of 161409680?
4
What is the billions digit of 1303237870?
1
What is the hundreds digit of 2092684323?
3
What is the hundreds digit of 7777448?
4
What is the thousands digit of 7928093650?
3
What is the millions digit of 42558105?
2
What is the ten thousands digit of 985413131?
1
What is the hundreds digit of 383060395?
3
What is the ten millions digit of 631541357?
3
What is the ten millions digit of 23124905?
2
What is the thousands digit of 2213651579?
1
What is the hundred thousands digit of 112675227?
6
What is the hundred thousands digit of 370091478?
0
What is the ten millions digit of 1667314270?
6
What is the tens digit of 122142163?
6
What is the units digit of 98833145?
5
What is the ten millions digit of 49650843?
4
What is the millions digit of 538753035?
8
What is the units digit of 54984423?
3
What is the hundred thousands digit of 323827385?
8
What is the tens digit of 1181251713?
1
What is the hundreds digit of 158264747?
7
What is the hundreds digit of 7252070?
0
What is the thousands digit of 51301308?
1
What is the tens digit of 1359060654?
5
What is the thousands digit of 52710882?
0
What is the millions digit of 6089376?
6
What is the thousands digit of 8480564216?
4
What is the millions digit of 84142649?
4
What is the tens digit of 3421014926?
2
What is the billions digit of 1538038309?
1
What is the thousands digit of 308643276?
3
What is the thousands digit of 3085812205?
2
What is the thousands digit of 414241032?
1
What is the tens digit of 1273543254?
5
What is the hundreds digit of 117989698?
6
What is the tens digit of 356279435?
3
What is the hundreds digit of 5446913169?
1
What is the millions digit of 224393207?
4
What is the tens digit of 1440933912?
1
What is the tens digit of 2420505580?
8
What is the units digit of 1478675808?
8
What is the ten thousands digit of 63653934?
5
What is the hundreds digit of 2941479083?
0
What is the tens digit of 63346145?
4
What is the ten millions digit of 2476317743?
7
What is the tens digit of 4182119202?
0
What is the units digit of 1735900128?
8
What is the hundred thousands digit of 3051877459?
8
What is the hundreds digit of 254497756?
7
What is the hundred millions digit of 356176953?
3
What is the tens digit of 349043738?
3
What is the ten millions digit of 602194494?
0
What is the thousands digit of 77699131?
9
What is the hundred millions digit of 2399324053?
3
What is the units digit of 17887547?
7
What is the millions digit of 2363910363?
3
What is the units digit of 37337839?
9
What is the hundreds digit of 37327474?
4
What is the ten millions digit of 6749668745?
4
What is the thousands digit of 379691155?
1
What is the hundred thousands digit of 1341434942?
4
What is the tens digit of 2953893060?
6
What is the ten thousands digit of 357913323?
1
What is the tens digit of 17904356?
5
What is the units digit of 77515530?
0
What is the hundreds digit of 612464485?
4
What is the hundreds digit of 245334097?
0
What is the ten millions digit of 133767655?
3
What is the units digit of 1298819453?
3
What is the billions digit of 1095123704?
1
What is the millions digit of 4874859195?
4
What is the hundred thousands digit of 187266995?
2
What is the hundred thousands digit of 1936351348?
3
What is the millions digit of 1195719232?
5
What is the ten thousands digit of 17450055?
5
What is the ten millions digit of 93204506?
9
What is the millions digit of 125728275?
5
What is the units digit of 14715754?
4
What is the hundred thousands digit of 243106233?
1
What is the billions digit of 1312576139?
1
What is the hundred thousands digit of 25350095?
3
What is the units digit of 4863044358?
8
What is the millions digit of 18345742?
8
What is the ten thousands digit of 14417683?
1
What is the hundred millions digit of 121892896?
1
What is the tens digit of 64895993?
9
What is the units digit of 19166274?
4
What is the thousands digit of 1668852193?
2
What is the thousands digit of 1041409?
1
What is the hundred millions digit of 4598185287?
5
What is the ten millions digit of 26519276?
2
What is the units digit of 95264529?
9
What is the millions digit of 14185720?
4
What is the hundreds digit of 332193795?
7
What is the hundred millions digit of 486006740?
4
What is the millions digit of 308040006?
8
What is the hundreds digit of 9636577?
5
What is the thousands digit of 180293360?
3
What is the hundred thousands digit of 47